{"id":2,"date":"2012-01-22T00:24:02","date_gmt":"2012-01-22T00:24:02","guid":{"rendered":"http:\/\/barreiroweb.net\/fotos\/?page_id=2"},"modified":"2023-12-06T00:30:57","modified_gmt":"2023-12-06T00:30:57","slug":"sample-page","status":"publish","type":"page","link":"https:\/\/barreiroweb.net\/fotos\/sample-page\/","title":{"rendered":"Autor"},"content":{"rendered":"<p align=\"left\">Jos\u00e9 Encarna\u00e7\u00e3o, nasceu em 1960, no Concelho da Moita.<\/p>\n<p align=\"left\">Aos 14 anos, d\u00e1 os primeiros passos na fotografia e t\u00e9cnicas de laborat\u00f3rio a preto e branco, revela\u00e7\u00e3o e impress\u00e3o.<\/p>\n<p align=\"left\">Auto didacta, iniciou o seu percurso ao lado de um familiar.<\/p>\n<p align=\"left\">Em 1977, adquire a sua primeira c\u00e2mara anal\u00f3gica, e um laborat\u00f3rio onde foi \u201cfazendo e aprendendo\u201d.<\/p>\n<p align=\"left\">Trabalhou como colaborador do \u201cJornal da terra\u201d, exercendo fun\u00e7\u00f5es de fot\u00f3grafo, durante alguns anos, tendo estado envolvido, em simult\u00e2neo, noutros projectos na \u00e1rea da fotografia.<\/p>\n<p align=\"left\">Por raz\u00f5es da vida, em meados dos anos 80, abandona a fotografia, dedicando-se a outra actividade como profiss\u00e3o.<\/p>\n<p align=\"left\">S\u00f3 em 2003, no inicio da fotografia digital, \u00e9 que retomou a sua actividade nesta \u00e1rea.<\/p>\n<p align=\"left\">Actualmente, participa em v\u00e1rios projectos fotogr\u00e1ficos no \u00e2mbito de diversas Associa\u00e7\u00f5es, sendo o autor das fotos publicados no sitio \u201cwww.barreiroweb.net\u201d.<\/p>\n<p align=\"left\">Depois de v\u00e1rios anos a fotografar o Barreiro decide finalmente dar a conhecer o seu trabalho na \u00e1rea da fotografia.<\/p>\n<p align=\"left\">Jos\u00e9 Encarna\u00e7\u00e3o!<\/p>\n<p>&nbsp;<\/p>\n","protected":false},"excerpt":{"rendered":"<p>Jos\u00e9 Encarna\u00e7\u00e3o, nasceu em 1960, no Concelho da Moita. Aos 14 anos, d\u00e1 os primeiros passos na fotografia e t\u00e9cnicas de laborat\u00f3rio a preto e branco, revela\u00e7\u00e3o e impress\u00e3o. Auto didacta, iniciou o seu percurso ao lado de um familiar. Em 1977, adquire a sua primeira c\u00e2mara anal\u00f3gica, e um laborat\u00f3rio onde foi \u201cfazendo e [&hellip;]<\/p>\n","protected":false},"author":1,"featured_media":0,"parent":0,"menu_order":0,"comment_status":"closed","ping_status":"open","template":"","meta":{"footnotes":""},"_links":{"self":[{"href":"https:\/\/barreiroweb.net\/fotos\/wp-json\/wp\/v2\/pages\/2"}],"collection":[{"href":"https:\/\/barreiroweb.net\/fotos\/wp-json\/wp\/v2\/pages"}],"about":[{"href":"https:\/\/barreiroweb.net\/fotos\/wp-json\/wp\/v2\/types\/page"}],"author":[{"embeddable":true,"href":"https:\/\/barreiroweb.net\/fotos\/wp-json\/wp\/v2\/users\/1"}],"replies":[{"embeddable":true,"href":"https:\/\/barreiroweb.net\/fotos\/wp-json\/wp\/v2\/comments?post=2"}],"version-history":[{"count":12,"href":"https:\/\/barreiroweb.net\/fotos\/wp-json\/wp\/v2\/pages\/2\/revisions"}],"predecessor-version":[{"id":543,"href":"https:\/\/barreiroweb.net\/fotos\/wp-json\/wp\/v2\/pages\/2\/revisions\/543"}],"wp:attachment":[{"href":"https:\/\/barreiroweb.net\/fotos\/wp-json\/wp\/v2\/media?parent=2"}],"curies":[{"name":"wp","href":"https:\/\/api.w.org\/{rel}","templated":true}]}}